e remainder when p is divided by d.
8
Let t(g) = 68*g - 3. Let x be t(1). Suppose 148 = 2*u + 2*l, 4*u = -5*l + x + 228. What is the remainder when u is divided by 26?
25
Let l(o) = 6*o**2 - 5*o - 2*o**3 + 0*o**3 + o**3 + 4. Let z(s) = -45*s - 15. Calculate the remainder when z(-1) is divided by l(3).
14
Let p = 246 + -208. What is the remainder when 57 is divided by p?
19
Suppose -4*y + 12 = -2*y. Suppose 4*s = y*s - 4. Suppose -p - 4*j + j = -38, 2*p - 36 = s*j. Calculate the remainder when p is divided by 8.
7
Let w(f) = -18*f + 4. Let q(b) = 17*b - 5. Let n(a) = -2*q(a) - 3*w(a). Calculate the remainder when -4*(-6)/8 + 67 is divided by n(1).
16
Suppose 2*v - 181 + 25 = 0. Suppose -5*o = 2*q - 3*o - v, -5*q + 215 = -5*o. Calculate the remainder when q is divided by 22.
19
Suppose s = -s + 5*s - 78. Suppose 0*u - 21 = u + 3*q, 2*u - 4*q + 2 = 0. What is the remainder when s is divided by 86/6 - (-3)/u?
12
Let d = -47 - -54. Suppose 8*x - 132 = d*x. What is the remainder when x is divided by 15?
12
Let i(b) = b**2 + 3*b - 18. Let t be (-2 - 1) + -3 + -2. Calculate the remainder when i(t) is divided by 8.
6
Let m = -390 - -396. Let w = 11 - -10. Suppose -5 = -2*g - 5*p - 22, g = -5*p - w. What is the remainder when m is divided by g?
2
Suppose 5*u = 3*u + 10. Suppose u*s - 154 - 311 = 0. What is the remainder when s is divided by 12?
9
Let i be (-8)/28 + 136/(-14). What is the remainder when 66 is divided by (56/(-20))/(2/i)?
10
Suppose -60 = -m - 57. Calculate the remainder when 48 is divided by m.
0
Suppose 394 = 2*n + 128. Suppose n = 5*i - v, -9 - 58 = -2*i + 5*v. Suppose 3*z - 124 = i. Calculate the remainder when z is divided by 27.
23
Let o = -251 - -353. Calculate the remainder when o is divided by 36.
30
Let c be 160/(-24)*(1 + 5). Let t be c/16*(-12)/5. Suppose -t*a + a - r = -46, 2*r - 2 = 0. What is the remainder when 26 is divided by a?
8
Let a(q) = -8*q + 67. Let h be a(8). Suppose -5*c = 4*s - 35, h*c - 29 = -6*s + 2*s. Calculate the remainder when 12 is divided by s.
2
Let o(l) = l**3 + l**2 + 2*l - 8. Let u be o(0). Let g be -10*5*u/(-100). What is the remainder when 39 is divided by 2*g*70/(-56)?
9
Let d(v) = -12*v + 38. Let j be d(6). Let k = j + 63. What is the remainder when k is divided by 16?
13
Let h = 29 - 25. Let d = 22 - h. What is the remainder when 70 is divided by d?
16
Suppose -3 = -i, -2*i = 3*c + i - 21. Suppose -5*w - 317 = -c*x, x - 5*w = 4*x - 264. Calculate the remainder when x is divided by 21.
20
Let v(i) = i**3 - 11*i**2 - 12*i + 12. Let c(t) = t**3 + 12*t**2 + 12*t + 24. Let u be c(-11). Let l = u + -1. What is the remainder when 34 is divided by v(l)?
10
Suppose -a = 3*a - 28. Suppose 3*p + 3*r = a*p - 68, 2*r = 2*p - 36. Let s = p + -3. What is the remainder when 30 is divided by s?
8
Let r(c) = 4*c + 224. Calculate the remainder when r(-14) is divided by 9.
6
Suppose 0 = -i - 4*t + 94, 0 = i - 2*i - t + 91. Suppose 0 = 7*w - w - i. Calculate the remainder when 89 is divided by w.
14
Let h(m) = -3*m - 12. Let a be h(-8). Suppose -2*o + a = 4*o. Calculate the remainder when 8 + 1 + (-3)/3 is divided by o.
0
Let c(u) = 3*u**2 + 82*u + 12. Calculate the remainder when 950 is divided by c(-28).
66
Let j be (-64)/6*(-27)/6. Suppose -3*h - 9 = 0, 2*x - 3*h - j = -x. What is the remainder when (-10)/(-55) - (2324/(-44) + 4) is divided by x?
10
Let w = 368 + -348. What is the remainder when w is divided by 8?
4
What is the remainder when (-988)/(-6) + -2 - 50/75 is divided by 29?
17
Let p(s) = s**2 - 5*s + 2. Let k be p(4). Let j be 2/1*(-3)/k. Suppose j*h = 4*y - 7*y + 96, 4*y - 98 = -3*h. Calculate the remainder when 59 is divided by h.
29
Let l = -803 + 1264. What is the remainder when l is divided by 22?
21
Suppose 4*b - 2*d - 132 = -46, -44 = -b + 5*d. Let f = b + -12. Let w(l) = l**3 + 6*l**2 + 2. What is the remainder when f is divided by w(-6)?
1
Let p(m) = m**2 + 22*m + 27. Let v be p(-19). What is the remainder when 2 is divided by (4 - v/(-9))*3?
0
Let y(j) = -j**2 - 13*j + 8. Let w be y(-7). Suppose h - 65 = -2*h - 4*d, 5*h = 5*d + w. What is the remainder when h is divided by 10/(-5)*1*-2?
3
Let s(a) = -3*a**3 - 27*a**2 - 3*a + 17. Calculate the remainder when s(-9) is divided by 18.
8
Suppose -24 = -2*n - 2*g, 5*n + 4*g - 40 - 25 = 0. What is the remainder when 30 is divided by n?
13
Suppose -m - 2 = 1. Suppose 3 = 2*a - a. What is the remainder when m/(-1)*8/a is divided by 5?
3
Let k(x) = 61*x + 9. Let m be k(5). Suppose 3*t - m + 32 = 0. Let l = 86 + -54. What is the remainder when t is divided by l?
30
Suppose 3*m + 120 = r, 2*r = -2*m + 3*r - 79. Let x(n) = n**2 + 12*n + 8. Let l be x(-7). Let u = l - m. What is the remainder when u is divided by 8?
6
Let r(i) be the second derivative of -19*i**3/6 - 15*i**2/2 - 3*i. What is the remainder when r(-4) is divided by 16?
13
Let a(y) = y**2 + 2*y + 2. Let v = 60 + -108. Let k = -38 - v. What is the remainder when a(5) is divided by k?
7
Let t(r) be the first derivative of -r**4/4 - 3*r**3 + 5*r**2 + 8*r - 3. What is the remainder when 24/(-4)*(-11)/3 is divided by t(-10)?
6
Suppose -11*r = -5*r - 114. What is the remainder when r is divided by 14?
5
Let z be (-17)/(-5) + (-10)/25. Suppose 0 = -a + z*a - 34. Suppose 4*i - 2*i = -5*o + 238, 5*i = o - 53. What is the remainder when o is divided by a?
14
Let g = -36 - -60. Suppose 2*q = 4*p - 2*p - 410, 3*q = -p + 185. Let i = 295 - p. Calculate the remainder when i is divided by g.
23
Let z(v) = 3*v**2 + 3*v - 3. Let s be (8 - 3) + 1*(-1 + 0). Calculate the remainder when z(s) is divided by 12.
9
Let n = -54 + 196. Suppose n = 4*o + 3*a - a, -3*a + 81 = 2*o. Let j = 12 + -3. Calculate the remainder when o is divided by j.
6
Let u = -26 + 32. Suppose u = 3*x - 24. Calculate the remainder when 39 is divided by x.
9
Let l(x) = x**2 - 7*x - 13. Let q be l(9). Let d(s) = 4*s - 9. Calculate the remainder when d(q) is divided by 1 + (-2)/((-6)/9).
3
Suppose 2*x - 168 = -0*x - 5*h, -437 = -5*x - 4*h. What is the remainder when x is divided by 24?
17
Let c = -24 - -24. Let m(h) = -h**3 - 2*h**2 - h + 5. What is the remainder when m(c) is divided by (-410)/(-130) - (-4)/(-26)?
2
Let b = 649 + -438. What is the remainder when b is divided by 43?
39
Suppose -5*o - 3*z = -42, -5*o + 6*z - z + 50 = 0. Suppose 2*t + 0*d = -5*d + 81, 5*d - 210 = -5*t. Calculate the remainder when t is divided by o.
7
Let k = -71 + 74. Suppose -k*c = 9 - 87. Calculate the remainder when 103 is divided by c.
25
Let g = -3 - -2. Calculate the remainder when 35 is divided by 1/(g/(-10 + -3)).
9
Let j(w) = 3*w**2 + w - 1. Let n be j(1). Suppose -12 - 3 = -n*g. Suppose -t = -6 - g. What is the remainder when 43 is divided by t?
10
Let h be (-12)/(-18) - (-10)/3. Suppose -a + h*a = 9. Suppose 4*z - 40 = -y + 28, a*z = 15. What is the remainder when y is divided by 13?
9
What is the remainder when 13 is divided by (0 + (-1)/3)/((-2)/48)?
5
Suppose -4*j - 1 = 4*o - 5, -1 = j. Suppose -5*c = -0*t - 5*t + 30, 2*t + 2*c - 28 = 0. Calculate the remainder when (81/(-15))/(o/(-10)) is divided by t.
7
Let g be -3 - 3/(-6)*-14. Let a(b) = b**3 + 11*b**2 + 10*b + 13. Calculate the remainder when 38 is divided by a(g).
12
Let u be (1 - 1)/(-5 + 4) + 121. Suppose 13*c - u = 2*c. What is the remainder when 43 is divided by c?
10
Let v(q) = 252*q + 1327. Let z(d) = 7*d. Calculate the remainder when v(-5) is divided by z(5).
32
Suppose 16*u = 30*u - 266. What is the remainder when 111 is divided by u?
16
Let z = 170 - 112. Calculate the remainder when z is divided by (0 - (-1)/7) + 556/28.
18
Let c(g) = 214*g**3 + 2*g**2 - 4*g + 3. What is the remainder when c(1) is divided by 74?
67
Let t = -233 + 239. Let l be 3/2*2/1. Let j = t - l. Calculate the remainder when 11 is divided by j.
2
Let v(s) = -16*s**3 - 2*s + 17*s**3 + 4*s - 2*s**2. What is the remainder when 11 is divided by v(2)?
3
Let h(w) = 3*w - 29. Calculate the remainder when 28 is divided by h(13).
8
Suppose -3*m = 186 - 471. Calculate the remainder when 656 is divided by m.
86
Let o(s) = -2*s + 9. Let a be o(7). Let l = a + 8. Let y(q) = 2*q + 4. What is the remainder when y(l) is divided by 4?
2
Suppose 0*r + 2*r + 4*k - 358 = 0, 4*r - 727 = 3*k. Suppose 5*i - 591 = -r. Calculate the